{"id":145,"date":"2025-05-03T16:14:37","date_gmt":"2025-05-03T16:14:37","guid":{"rendered":"https:\/\/www.anestetickykrem.cz\/?page_id=145"},"modified":"2025-05-03T16:37:57","modified_gmt":"2025-05-03T16:37:57","slug":"vytvorit-kazdy-den-jednu-stranku-2","status":"publish","type":"page","link":"https:\/\/www.anestetickykrem.cz\/?page_id=145","title":{"rendered":"Vytvori\u0165 ka\u017ed\u00fd de\u0148 jednu str\u00e1nku"},"content":{"rendered":"<p>Vytvor ka\u017ed\u00fd de\u0148, jednu str\u00e1nku. (Zaka\u017ed\u00fdm jak vytvor\u00ed\u0161 nov\u00fa str\u00e1nku, jeden n\u00e1dpis vyma\u017e) (Pridaj jeden obr\u00e1zok z gal\u00e9rie a jedno video z t\u00fdchto<\/p>\n<p><iframe loading=\"lazy\" title=\"Bezbolesny tatua\u017c - TKTX\" width=\"760\" height=\"428\" src=\"https:\/\/www.youtube.com\/embed\/o71uUYt8s-Q?feature=oembed\" frameborder=\"0\" allow=\"accelerometer; autoplay; clipboard-write; encrypted-media; gyroscope; picture-in-picture; web-share\" referrerpolicy=\"strict-origin-when-cross-origin\" allowfullscreen><\/iframe><\/p>\n<p><iframe loading=\"lazy\" title=\"JAK PRZETRWA\u0106 PIERWSZY TATUA\u017b BEZ B\u00d3LU?\" width=\"760\" height=\"428\" src=\"https:\/\/www.youtube.com\/embed\/uuRPKcnAWmo?feature=oembed\" frameborder=\"0\" allow=\"accelerometer; autoplay; clipboard-write; encrypted-media; gyroscope; picture-in-picture; web-share\" referrerpolicy=\"strict-origin-when-cross-origin\" allowfullscreen><\/iframe><\/p>\n<p><iframe loading=\"lazy\" title=\"U\u017cy\u0142am kremu TKTX i nie poczu\u0142am nic... \ud83d\ude31\" width=\"760\" height=\"570\" src=\"https:\/\/www.youtube.com\/embed\/TSXSXYfBsGM?feature=oembed\" frameborder=\"0\" allow=\"accelerometer; autoplay; clipboard-write; encrypted-media; gyroscope; picture-in-picture; web-share\" referrerpolicy=\"strict-origin-when-cross-origin\" allowfullscreen><\/iframe><\/p>\n<p><iframe loading=\"lazy\" title=\"Zr\u00f3b sobie tatua\u017c bez b\u00f3lu dzi\u0119ki TKTX\" width=\"760\" height=\"428\" src=\"https:\/\/www.youtube.com\/embed\/lsqzDiUf4MU?feature=oembed\" frameborder=\"0\" allow=\"accelerometer; autoplay; clipboard-write; encrypted-media; gyroscope; picture-in-picture; web-share\" referrerpolicy=\"strict-origin-when-cross-origin\" allowfullscreen><\/iframe><\/p>\n<p>Daj pr\u00edkaz do chat gpt:<\/p>\n<p>Nap\u00ed\u0161 mi \u010dl\u00e1nok po po\u013esky, p\u00ed\u0161 p\u00fatavo a tak aby si nakoniec presved\u010dil z\u00e1kazn\u00edka ako Jordan bellfort t\u00fdm \u017ee zvy\u0161uje\u0161 dv\u00f4veru v TKTX, vo m\u0148a (str\u00e1nku, firmu) a zvy\u0161oval my\u015blienku \u017ee si potrebuje TKTX k\u00fapi\u0165. Sna\u017e sa nap\u00edsa\u0165 na t\u00fato t\u00e9mu:<\/p>\n<p>41. TKTX pri tetovan\u00ed obo\u010dia \u2013 PMU bez bolesti<br \/>\nSEO k\u013e\u00fa\u010dov\u00e9 slov\u00e1: tktx obo\u010die, permanentn\u00fd make-up, znecitlivenie obo\u010dia<br \/>\nMeta popis: Zistite, ako spr\u00e1vne pou\u017ei\u0165 TKTX kr\u00e9m pred permanentn\u00fdm make-upom obo\u010dia, aby bol z\u00e1krok bezbolestn\u00fd.<br \/>\n\u0160t\u00fdl: Odborn\u00fd beauty \u010dl\u00e1nok<\/p>\n<p>42. Rebr\u00e1, krk, prsty \u2013 Najhor\u0161ie miesta na tetovanie? TKTX pom\u00e1ha!<br \/>\nSEO k\u013e\u00fa\u010dov\u00e9 slov\u00e1: tktx citliv\u00e9 miesta, tetovanie rebr\u00e1, bolestiv\u00e9 tetovanie<br \/>\nMeta popis: Objavte najcitlivej\u0161ie miesta na tetovanie a pre\u010do pr\u00e1ve tam je TKTX kr\u00e9m nenahradite\u013en\u00fd.<br \/>\n\u0160t\u00fdl: Rebr\u00ed\u010dkov\u00fd a praktick\u00fd<\/p>\n<p>43. Ako si pripravi\u0165 poko\u017eku na tetovanie s TKTX<br \/>\nSEO k\u013e\u00fa\u010dov\u00e9 slov\u00e1: pr\u00edprava poko\u017eky na tetovanie, tktx kr\u00e9m, pred tetovan\u00edm<br \/>\nMeta popis: Kompletn\u00fd sprievodca starostlivos\u0165ou o poko\u017eku pred aplik\u00e1ciou TKTX kr\u00e9mu a tetovan\u00edm.<br \/>\n\u0160t\u00fdl: Praktick\u00fd n\u00e1vod<\/p>\n<p>44. Tetovanie bez bolesti \u2013 Psychologick\u00fd \u00fa\u010dinok TKTX<br \/>\nSEO k\u013e\u00fa\u010dov\u00e9 slov\u00e1: tktx bez bolesti, psychol\u00f3gia bolesti, kr\u00e9m proti bolesti<br \/>\nMeta popis: Nielen fyzick\u00e1 \u00fa\u013eava \u2013 TKTX kr\u00e9m pom\u00e1ha aj psychologicky. Pre\u010d\u00edtajte si pre\u010do.<br \/>\n\u0160t\u00fdl: Populariza\u010dn\u00fd \u010dl\u00e1nok<\/p>\n<p>45. Kedy sa TKTX neoplat\u00ed pou\u017ei\u0165 \u2013 \u00daprimn\u00fd poh\u013ead<br \/>\nSEO k\u013e\u00fa\u010dov\u00e9 slov\u00e1: tktx neodpor\u00fa\u010da sa, ved\u013eaj\u0161ie \u00fa\u010dinky kr\u00e9mu, kedy nepou\u017ei\u0165 tktx<br \/>\nMeta popis: Existuj\u00fa situ\u00e1cie, kedy TKTX kr\u00e9m nie je vhodn\u00fd. Tu n\u00e1jdete d\u00f4vody a alternat\u00edvy.<br \/>\n\u0160t\u00fdl: Kritick\u00fd s re\u0161pektom k produktu<\/p>\n<p>46. TKTX a alergick\u00e9 reakcie \u2013 Ako im predch\u00e1dza\u0165?<br \/>\nSEO k\u013e\u00fa\u010dov\u00e9 slov\u00e1: alergia na tktx, ved\u013eaj\u0161ie \u00fa\u010dinky, test na alergiu<br \/>\nMeta popis: Ako urobi\u0165 test na zn\u00e1\u0161anlivos\u0165 TKTX a \u010do robi\u0165 v pr\u00edpade podr\u00e1\u017edenia?<br \/>\n\u0160t\u00fdl: Vzdel\u00e1vac\u00ed \u010dl\u00e1nok s praktick\u00fdmi tipmi<\/p>\n<p>47. TKTX pre tat\u00e9rov \u2013 Ako ho pon\u00faka\u0165 z\u00e1kazn\u00edkom?<br \/>\nSEO k\u013e\u00fa\u010dov\u00e9 slov\u00e1: tktx v tetovacom \u0161t\u00fadiu, odpor\u00fa\u010danie tktx, tat\u00e9ri a kr\u00e9m<br \/>\nMeta popis: Pre tat\u00e9rov: ako predstavi\u0165 TKTX klientom, ako ho spr\u00e1vne aplikova\u0165 a ak\u00e9 m\u00e1 v\u00fdhody.<br \/>\n\u0160t\u00fdl: Profesion\u00e1lny n\u00e1vod pre odborn\u00edkov<\/p>\n<p>48. Ako kombinova\u0165 TKTX s chladiv\u00fdmi sprejmi<br \/>\nSEO k\u013e\u00fa\u010dov\u00e9 slov\u00e1: kombin\u00e1cia tktx, chladenie tetovania, dlh\u0161\u00ed \u00fa\u010dinok kr\u00e9mu<br \/>\nMeta popis: Zistite, ako kombinova\u0165 TKTX s in\u00fdmi produktmi pre maxim\u00e1lny \u00fa\u010dinok po\u010das tetovania.<br \/>\n\u0160t\u00fdl: Experiment\u00e1lny a poradensk\u00fd<\/p>\n<p>49. TKTX vs. EMLA \u2013 S\u00faboje znecitlivuj\u00facich kr\u00e9mov<br \/>\nSEO k\u013e\u00fa\u010dov\u00e9 slov\u00e1: tktx vs emla, anestetik\u00e1 na tetovanie, porovnanie kr\u00e9mov<br \/>\nMeta popis: Porovnanie najzn\u00e1mej\u0161\u00edch kr\u00e9mov na tetovanie \u2013 \u010do je silnej\u0161ie, r\u00fdchlej\u0161ie a efekt\u00edvnej\u0161ie?<br \/>\n\u0160t\u00fdl: Duelov\u00fd \u010dl\u00e1nok<\/p>\n<p>50. Naj\u010dastej\u0161ie obavy z\u00e1kazn\u00edkov z TKTX \u2013 a pravda o nich<br \/>\nSEO k\u013e\u00fa\u010dov\u00e9 slov\u00e1: tktx obavy, bezpe\u010dnos\u0165 kr\u00e9mu, sk\u00fasenosti z\u00e1kazn\u00edkov<br \/>\nMeta popis: Z\u00e1kazn\u00edci sa p\u00fdtaj\u00fa: je TKTX bezpe\u010dn\u00fd? Tu s\u00fa naj\u010dastej\u0161ie ot\u00e1zky a odpovede.<br \/>\n\u0160t\u00fdl: FAQ + vyvracanie m\u00fdtov<\/p>\n<h4 style=\"text-align: center;\">Wybierz kremy znieczulaj\u0105ce TKTX<\/h4>\n<p><a href=\"https:\/\/www.tktx-shop.pl\/?product=erzestelenito-krem-tktx-75\"><img loading=\"lazy\" decoding=\"async\" class=\"aligncenter wp-image-7 size-large\" src=\"https:\/\/www.tktx-do-tatuazu.pl\/wp-content\/uploads\/2025\/01\/TKTX-creme-75-1024x434.png\" alt=\" krem TKTX na tatua\u017ce\" width=\"640\" height=\"271\" srcset=\"https:\/\/www.anestetickykrem.cz\/wp-content\/uploads\/2025\/01\/TKTX-creme-75-1024x434.png 1024w, https:\/\/www.anestetickykrem.cz\/wp-content\/uploads\/2025\/01\/TKTX-creme-75-300x127.png 300w, https:\/\/www.anestetickykrem.cz\/wp-content\/uploads\/2025\/01\/TKTX-creme-75-768x326.png 768w, https:\/\/www.anestetickykrem.cz\/wp-content\/uploads\/2025\/01\/TKTX-creme-75.png 1080w\" sizes=\"auto, (max-width: 640px) 100vw, 640px\" \/><\/a> <a href=\"https:\/\/www.tktx-shop.pl\/?product=tetovalo-krem-tktx-40\"><img loading=\"lazy\" decoding=\"async\" class=\"aligncenter wp-image-8 size-large\" src=\"https:\/\/www.tktx-do-tatuazu.pl\/wp-content\/uploads\/2025\/01\/TKTX-krem-40-1024x377.png\" alt=\" krem TKTX na tatua\u017ce\" width=\"640\" height=\"236\" srcset=\"https:\/\/www.anestetickykrem.cz\/wp-content\/uploads\/2025\/01\/TKTX-krem-40-1024x377.png 1024w, https:\/\/www.anestetickykrem.cz\/wp-content\/uploads\/2025\/01\/TKTX-krem-40-300x110.png 300w, https:\/\/www.anestetickykrem.cz\/wp-content\/uploads\/2025\/01\/TKTX-krem-40-768x283.png 768w, https:\/\/www.anestetickykrem.cz\/wp-content\/uploads\/2025\/01\/TKTX-krem-40.png 1071w\" sizes=\"auto, (max-width: 640px) 100vw, 640px\" \/><\/a> <a href=\"https:\/\/www.tktx-shop.pl\/?product=erzestelenito-krem-tktx-55-gold\"><img loading=\"lazy\" decoding=\"async\" class=\"aligncenter wp-image-9 size-large\" src=\"https:\/\/www.tktx-do-tatuazu.pl\/wp-content\/uploads\/2025\/01\/TKTX-krem-55-1024x372.png\" alt=\" krem TKTX na tatua\u017ce\" width=\"640\" height=\"233\" srcset=\"https:\/\/www.anestetickykrem.cz\/wp-content\/uploads\/2025\/01\/TKTX-krem-55-1024x372.png 1024w, https:\/\/www.anestetickykrem.cz\/wp-content\/uploads\/2025\/01\/TKTX-krem-55-300x109.png 300w, https:\/\/www.anestetickykrem.cz\/wp-content\/uploads\/2025\/01\/TKTX-krem-55-768x279.png 768w, https:\/\/www.anestetickykrem.cz\/wp-content\/uploads\/2025\/01\/TKTX-krem-55.png 1069w\" sizes=\"auto, (max-width: 640px) 100vw, 640px\" \/><\/a><a href=\"https:\/\/www.tktx-shop.pl\/?product=3-darab-x-erzestelenito-krem-tktx-75-ingyenes-szallitas\"><img loading=\"lazy\" decoding=\"async\" class=\"aligncenter wp-image-6 size-large\" src=\"https:\/\/www.tktx-do-tatuazu.pl\/wp-content\/uploads\/2025\/01\/3x-PL-TKTX75-912x1024.png\" alt=\" krem TKTX na tatua\u017ce\" width=\"640\" height=\"719\" \/><\/a><\/p>\n<h4 style=\"text-align: center;\">Gwarancja satysfakcji<\/h4>\n<h4 style=\"text-align: center;\">Je\u015bli nie jeste\u015b zadowolony, ode\u015blij krem, a my zwr\u00f3cimy Ci pieni\u0105dze<\/h4>\n","protected":false},"excerpt":{"rendered":"<p>Vytvor ka\u017ed\u00fd de\u0148, jednu str\u00e1nku. (Zaka\u017ed\u00fdm jak vytvor\u00ed\u0161 nov\u00fa str\u00e1nku, jeden n\u00e1dpis vyma\u017e) (Pridaj jeden obr\u00e1zok z gal\u00e9rie a jedno video z t\u00fdchto Daj pr\u00edkaz do chat gpt: Nap\u00ed\u0161 mi \u010dl\u00e1nok po po\u013esky, p\u00ed\u0161 p\u00fatavo a tak aby si nakoniec presved\u010dil z\u00e1kazn\u00edka ako Jordan bellfort t\u00fdm \u017ee zvy\u0161uje\u0161 dv\u00f4veru v TKTX, vo m\u0148a (str\u00e1nku, firmu) [&hellip;]<\/p>\n","protected":false},"author":1,"featured_media":0,"parent":0,"menu_order":0,"comment_status":"closed","ping_status":"closed","template":"","meta":{"_monsterinsights_skip_tracking":false,"_monsterinsights_sitenote_active":false,"_monsterinsights_sitenote_note":"","_monsterinsights_sitenote_category":0,"footnotes":""},"class_list":["post-145","page","type-page","status-publish","hentry"],"yoast_head":"<!-- This site is optimized with the Yoast SEO plugin v27.0 - https:\/\/yoast.com\/product\/yoast-seo-wordpress\/ -->\n<title>Vytvori\u0165 ka\u017ed\u00fd de\u0148 jednu str\u00e1nku - Anestetick\u00fd Kr\u00e9m<\/title>\n<meta name=\"robots\" content=\"index, follow, max-snippet:-1, max-image-preview:large, max-video-preview:-1\" \/>\n<link rel=\"canonical\" href=\"https:\/\/www.anestetickykrem.cz\/?page_id=145\" \/>\n<meta property=\"og:locale\" content=\"en_US\" \/>\n<meta property=\"og:type\" content=\"article\" \/>\n<meta property=\"og:title\" content=\"Vytvori\u0165 ka\u017ed\u00fd de\u0148 jednu str\u00e1nku - Anestetick\u00fd Kr\u00e9m\" \/>\n<meta property=\"og:description\" content=\"Vytvor ka\u017ed\u00fd de\u0148, jednu str\u00e1nku. (Zaka\u017ed\u00fdm jak vytvor\u00ed\u0161 nov\u00fa str\u00e1nku, jeden n\u00e1dpis vyma\u017e) (Pridaj jeden obr\u00e1zok z gal\u00e9rie a jedno video z t\u00fdchto Daj pr\u00edkaz do chat gpt: Nap\u00ed\u0161 mi \u010dl\u00e1nok po po\u013esky, p\u00ed\u0161 p\u00fatavo a tak aby si nakoniec presved\u010dil z\u00e1kazn\u00edka ako Jordan bellfort t\u00fdm \u017ee zvy\u0161uje\u0161 dv\u00f4veru v TKTX, vo m\u0148a (str\u00e1nku, firmu) [&hellip;]\" \/>\n<meta property=\"og:url\" content=\"https:\/\/www.anestetickykrem.cz\/?page_id=145\" \/>\n<meta property=\"og:site_name\" content=\"Anestetick\u00fd Kr\u00e9m\" \/>\n<meta property=\"article:modified_time\" content=\"2025-05-03T16:37:57+00:00\" \/>\n<meta property=\"og:image\" content=\"https:\/\/www.anestetickykrem.cz\/wp-content\/uploads\/2025\/01\/TKTX-creme-75.png\" \/>\n\t<meta property=\"og:image:width\" content=\"1080\" \/>\n\t<meta property=\"og:image:height\" content=\"458\" \/>\n\t<meta property=\"og:image:type\" content=\"image\/png\" \/>\n<meta name=\"twitter:card\" content=\"summary_large_image\" \/>\n<meta name=\"twitter:label1\" content=\"Est. reading time\" \/>\n\t<meta name=\"twitter:data1\" content=\"4 minutes\" \/>\n<script type=\"application\/ld+json\" class=\"yoast-schema-graph\">{\"@context\":\"https:\/\/schema.org\",\"@graph\":[{\"@type\":\"WebPage\",\"@id\":\"https:\/\/www.anestetickykrem.cz\/?page_id=145\",\"url\":\"https:\/\/www.anestetickykrem.cz\/?page_id=145\",\"name\":\"Vytvori\u0165 ka\u017ed\u00fd de\u0148 jednu str\u00e1nku - Anestetick\u00fd Kr\u00e9m\",\"isPartOf\":{\"@id\":\"https:\/\/www.anestetickykrem.cz\/#website\"},\"primaryImageOfPage\":{\"@id\":\"https:\/\/www.anestetickykrem.cz\/?page_id=145#primaryimage\"},\"image\":{\"@id\":\"https:\/\/www.anestetickykrem.cz\/?page_id=145#primaryimage\"},\"thumbnailUrl\":\"https:\/\/www.tktx-do-tatuazu.pl\/wp-content\/uploads\/2025\/01\/TKTX-creme-75-1024x434.png\",\"datePublished\":\"2025-05-03T16:14:37+00:00\",\"dateModified\":\"2025-05-03T16:37:57+00:00\",\"breadcrumb\":{\"@id\":\"https:\/\/www.anestetickykrem.cz\/?page_id=145#breadcrumb\"},\"inLanguage\":\"en-US\",\"potentialAction\":[{\"@type\":\"ReadAction\",\"target\":[\"https:\/\/www.anestetickykrem.cz\/?page_id=145\"]}]},{\"@type\":\"ImageObject\",\"inLanguage\":\"en-US\",\"@id\":\"https:\/\/www.anestetickykrem.cz\/?page_id=145#primaryimage\",\"url\":\"https:\/\/www.tktx-do-tatuazu.pl\/wp-content\/uploads\/2025\/01\/TKTX-creme-75-1024x434.png\",\"contentUrl\":\"https:\/\/www.tktx-do-tatuazu.pl\/wp-content\/uploads\/2025\/01\/TKTX-creme-75-1024x434.png\"},{\"@type\":\"BreadcrumbList\",\"@id\":\"https:\/\/www.anestetickykrem.cz\/?page_id=145#breadcrumb\",\"itemListElement\":[{\"@type\":\"ListItem\",\"position\":1,\"name\":\"Home\",\"item\":\"https:\/\/www.anestetickykrem.cz\/\"},{\"@type\":\"ListItem\",\"position\":2,\"name\":\"Vytvori\u0165 ka\u017ed\u00fd de\u0148 jednu str\u00e1nku\"}]},{\"@type\":\"WebSite\",\"@id\":\"https:\/\/www.anestetickykrem.cz\/#website\",\"url\":\"https:\/\/www.anestetickykrem.cz\/\",\"name\":\"Anestetick\u00fd Kr\u00e9m\",\"description\":\"\",\"potentialAction\":[{\"@type\":\"SearchAction\",\"target\":{\"@type\":\"EntryPoint\",\"urlTemplate\":\"https:\/\/www.anestetickykrem.cz\/?s={search_term_string}\"},\"query-input\":{\"@type\":\"PropertyValueSpecification\",\"valueRequired\":true,\"valueName\":\"search_term_string\"}}],\"inLanguage\":\"en-US\"}]}<\/script>\n<!-- \/ Yoast SEO plugin. -->","yoast_head_json":{"title":"Vytvori\u0165 ka\u017ed\u00fd de\u0148 jednu str\u00e1nku - Anestetick\u00fd Kr\u00e9m","robots":{"index":"index","follow":"follow","max-snippet":"max-snippet:-1","max-image-preview":"max-image-preview:large","max-video-preview":"max-video-preview:-1"},"canonical":"https:\/\/www.anestetickykrem.cz\/?page_id=145","og_locale":"en_US","og_type":"article","og_title":"Vytvori\u0165 ka\u017ed\u00fd de\u0148 jednu str\u00e1nku - Anestetick\u00fd Kr\u00e9m","og_description":"Vytvor ka\u017ed\u00fd de\u0148, jednu str\u00e1nku. (Zaka\u017ed\u00fdm jak vytvor\u00ed\u0161 nov\u00fa str\u00e1nku, jeden n\u00e1dpis vyma\u017e) (Pridaj jeden obr\u00e1zok z gal\u00e9rie a jedno video z t\u00fdchto Daj pr\u00edkaz do chat gpt: Nap\u00ed\u0161 mi \u010dl\u00e1nok po po\u013esky, p\u00ed\u0161 p\u00fatavo a tak aby si nakoniec presved\u010dil z\u00e1kazn\u00edka ako Jordan bellfort t\u00fdm \u017ee zvy\u0161uje\u0161 dv\u00f4veru v TKTX, vo m\u0148a (str\u00e1nku, firmu) [&hellip;]","og_url":"https:\/\/www.anestetickykrem.cz\/?page_id=145","og_site_name":"Anestetick\u00fd Kr\u00e9m","article_modified_time":"2025-05-03T16:37:57+00:00","og_image":[{"width":1080,"height":458,"url":"https:\/\/www.anestetickykrem.cz\/wp-content\/uploads\/2025\/01\/TKTX-creme-75.png","type":"image\/png"}],"twitter_card":"summary_large_image","twitter_misc":{"Est. reading time":"4 minutes"},"schema":{"@context":"https:\/\/schema.org","@graph":[{"@type":"WebPage","@id":"https:\/\/www.anestetickykrem.cz\/?page_id=145","url":"https:\/\/www.anestetickykrem.cz\/?page_id=145","name":"Vytvori\u0165 ka\u017ed\u00fd de\u0148 jednu str\u00e1nku - Anestetick\u00fd Kr\u00e9m","isPartOf":{"@id":"https:\/\/www.anestetickykrem.cz\/#website"},"primaryImageOfPage":{"@id":"https:\/\/www.anestetickykrem.cz\/?page_id=145#primaryimage"},"image":{"@id":"https:\/\/www.anestetickykrem.cz\/?page_id=145#primaryimage"},"thumbnailUrl":"https:\/\/www.tktx-do-tatuazu.pl\/wp-content\/uploads\/2025\/01\/TKTX-creme-75-1024x434.png","datePublished":"2025-05-03T16:14:37+00:00","dateModified":"2025-05-03T16:37:57+00:00","breadcrumb":{"@id":"https:\/\/www.anestetickykrem.cz\/?page_id=145#breadcrumb"},"inLanguage":"en-US","potentialAction":[{"@type":"ReadAction","target":["https:\/\/www.anestetickykrem.cz\/?page_id=145"]}]},{"@type":"ImageObject","inLanguage":"en-US","@id":"https:\/\/www.anestetickykrem.cz\/?page_id=145#primaryimage","url":"https:\/\/www.tktx-do-tatuazu.pl\/wp-content\/uploads\/2025\/01\/TKTX-creme-75-1024x434.png","contentUrl":"https:\/\/www.tktx-do-tatuazu.pl\/wp-content\/uploads\/2025\/01\/TKTX-creme-75-1024x434.png"},{"@type":"BreadcrumbList","@id":"https:\/\/www.anestetickykrem.cz\/?page_id=145#breadcrumb","itemListElement":[{"@type":"ListItem","position":1,"name":"Home","item":"https:\/\/www.anestetickykrem.cz\/"},{"@type":"ListItem","position":2,"name":"Vytvori\u0165 ka\u017ed\u00fd de\u0148 jednu str\u00e1nku"}]},{"@type":"WebSite","@id":"https:\/\/www.anestetickykrem.cz\/#website","url":"https:\/\/www.anestetickykrem.cz\/","name":"Anestetick\u00fd Kr\u00e9m","description":"","potentialAction":[{"@type":"SearchAction","target":{"@type":"EntryPoint","urlTemplate":"https:\/\/www.anestetickykrem.cz\/?s={search_term_string}"},"query-input":{"@type":"PropertyValueSpecification","valueRequired":true,"valueName":"search_term_string"}}],"inLanguage":"en-US"}]}},"_links":{"self":[{"href":"https:\/\/www.anestetickykrem.cz\/index.php?rest_route=\/wp\/v2\/pages\/145","targetHints":{"allow":["GET"]}}],"collection":[{"href":"https:\/\/www.anestetickykrem.cz\/index.php?rest_route=\/wp\/v2\/pages"}],"about":[{"href":"https:\/\/www.anestetickykrem.cz\/index.php?rest_route=\/wp\/v2\/types\/page"}],"author":[{"embeddable":true,"href":"https:\/\/www.anestetickykrem.cz\/index.php?rest_route=\/wp\/v2\/users\/1"}],"replies":[{"embeddable":true,"href":"https:\/\/www.anestetickykrem.cz\/index.php?rest_route=%2Fwp%2Fv2%2Fcomments&post=145"}],"version-history":[{"count":3,"href":"https:\/\/www.anestetickykrem.cz\/index.php?rest_route=\/wp\/v2\/pages\/145\/revisions"}],"predecessor-version":[{"id":147,"href":"https:\/\/www.anestetickykrem.cz\/index.php?rest_route=\/wp\/v2\/pages\/145\/revisions\/147"}],"wp:attachment":[{"href":"https:\/\/www.anestetickykrem.cz\/index.php?rest_route=%2Fwp%2Fv2%2Fmedia&parent=145"}],"curies":[{"name":"wp","href":"https:\/\/api.w.org\/{rel}","templated":true}]}}